e number?
False
Is 14111501 a prime number?
False
Is 310177927 a prime number?
False
Is 8861 prime?
True
Is 43728491 a prime number?
False
Is 18030539 composite?
True
Is 439566937 a composite number?
False
Is 5556727 a prime number?
False
Is 453100903 prime?
False
Is 49334339 a composite number?
True
Is 2739809 a prime number?
True
Is 3144283 a composite number?
False
Is 92614274 a prime number?
False
Is 2656141 a prime number?
True
Is 776651 a prime number?
True
Is 434914 composite?
True
Is 204829939 a prime number?
True
Is 1592369 a composite number?
True
Is 12567509 a prime number?
True
Is 249199 prime?
True
Is 411532999 prime?
True
Is 3987667 composite?
True
Is 2080318 composite?
True
Is 3059501 composite?
False
Is 8912053 a composite number?
False
Is 15298559 a prime number?
False
Is 67797382 prime?
False
Is 132848641 prime?
True
Is 8296049 prime?
False
Is 4857689 composite?
True
Is 11371967 a prime number?
True
Is 7657061 prime?
True
Is 10654867 prime?
False
Is 111029714 prime?
False
Is 11901 prime?
False
Is 47146081 prime?
False
Is 59551169 a prime number?
False
Is 190839479 a prime number?
True
Is 30597133 composite?
True
Is 5425369 a composite number?
False
Is 295454 prime?
False
Is 72739397 a composite number?
False
Is 9923527 a composite number?
True
Is 407999 a composite number?
True
Is 38768477 a prime number?
False
Is 179341657 composite?
True
Is 21919091 a composite number?
True
Is 2053201 prime?
True
Is 153986599 prime?
False
Is 1885461 a prime number?
False
Is 199638683 a composite number?
False
Is 10293443 prime?
False
Is 1429117 a composite number?
False
Is 6644359 prime?
True
Is 141232981 a prime number?
False
Is 7011479 prime?
True
Is 2321623 a composite number?
False
Is 15667241 composite?
False
Is 7434299 a prime number?
False
Is 14925259 composite?
True
Is 12772243 composite?
True
Is 7368511 a composite number?
False
Is 4855363 a prime number?
True
Is 13164973 a prime number?
True
Is 79322911 a composite number?
False
Is 72843 composite?
True
Is 13580999 a composite number?
True
Is 22268567 a composite number?
False
Is 42010529 composite?
True
Is 6249497 a prime number?
True
Is 3673618019 composite?
False
Is 12838346 prime?
False
Is 23447 a prime number?
True
Is 10046779 a composite number?
True
Is 73492735 a prime number?
False
Is 102011069 prime?
False
Is 272793383 a composite number?
True
Is 5700889 a prime number?
False
Is 304649 a composite number?
True
Is 190735049 a prime number?
False
Is 146273 a composite number?
False
Is 2684851 a composite number?
True
Is 576395 composite?
True
Is 14652649 prime?
False
Is 19191319 a composite number?
True
Is 47960173 a composite number?
False
Is 5616373 a prime number?
False
Is 29531395 a prime number?
False
Is 6487751 composite?
False
Is 175704677 prime?
True
Is 72239257 a prime number?
True
Is 10331969 composite?
False
Is 2307022 composite?
True
Is 10035499 a prime number?
True
Is 385762537 prime?
True
Is 311366429 composite?
True
Is 28515755 a composite number?
True
Is 1808566 a prime number?
False
Is 1074001 prime?
True
Is 2772527 prime?
False
Is 4665449 composite?
False
Is 104197001 a composite number?
True
Is 8323442 composite?
True
Is 9700219 a composite number?
True
Is 152442853 a prime number?
True
Is 154973927 a composite number?
False
Is 1445623 composite?
True
Is 7949713 composite?
True
Is 36584647 prime?
False
Is 31791257 a composite number?
True
Is 355066 composite?
True
Is 26419693 prime?
False
Is 77546509 a prime number?
False
Is 22145141 composite?
False
Is 6150971 a composite number?
False
Is 2387563 prime?
True
Is 310392917 a composite number?
False
Is 4189693 composite?
False
Is 566940461 a prime number?
False
Is 18917123 a prime number?
True
Is 24978469 composite?
False
Is 23893663 composite?
False
Is 9842849 a prime number?
True
Is 94668787 a prime number?
True
Is 30221773 composite?
True
Is 27103031 a prime number?
False
Is 6117211 a prime number?
False
Is 661262389 a composite number?
False
Is 55656427 a composite number?
True
Is 4264307 composite?
False
Is 1198469 a prime number?
True
Is 1753459 composite?
False
Is 310377103 prime?
False
Is 265781 composite?
False
Is 1248029481 a composite number?
True
Is 23270134 a composite number?
True
Is 6226367 prime?
False
Is 46655009 a composite number?
True
Is 5973005 a composite number?
True
Is 8885761 a prime number?
True
Is 152354069 a prime number?
False
Is 12279259 prime?
False
Is 1651073 a prime number?
True
Is 11732323 a composite number?
True
Is 3271715 composite?
True
Is 439253 a prime number?
True
Is 1505501 a prime number?
False
Is 67409 prime?
True
Is 41326693 prime?
True
Is 1569143 composite?
True
Is 5981779 a prime number?
False
Is 6562763 composite?
False
Is 39749849 a composite number?
False
Is 40097897 prime?
False
Is 190371869 composite?
True
Is 3498359 a prime number?
True
Is 980173 composite?
False
Is 16883849 composite?
False
Is 213734797 a prime number?
True
Is 50406931 composite?
False
Is 19629331 prime?
True
Is 1551637 prime?
False
Is 34614439 a composite number?
True
Is 48123433 prime?
True
Is 9874259 prime?
False
Is 770981 prime?
True
Is 78800063 prime?
True
Is 132760109 composite?
False
Is 344191 composite?
True
Is 47885095 a prime number?
False
Is 7117871 composite?
False
Is 8358019 a prime number?
True
Is 12759403 a prime number?
True
Is 9522433 prime?
True
Is 577891 prime?
False
Is 55712087 a composite number?
False
Is 137106139 a prime number?
False
Is 4860481 composite?
False
Is 117907 a prime number?
False
Is 44830021 a prime number?
True
Is 7359683 a composite number?
True
Is 116539 a composite number?
False
Is 441271037 composite?
False
Is 2392057 prime?
True
Is 108179581 prime?
False
Is 376549783 a composite number?
False
Is 75632341 a prime number?
False
Is 49972009 composite?
False
Is 7060393 prime?
False
Is 335547869 a prime number?
True
Is 1058951 composite?
False
Is 1274989 a composite number?
False
Is 11731729 a prime number?
True
Is 1105465 composite?
True
Is 1006517 a prime number?
False
Is 1620497 a composite number?
False
Is 1825963 prime?
True
Is 152101 a composite number?
True
Is 360759037 a prime number?
False
Is 594083 a composite number?
True
Is 127385939 composite?
False
Is 4238749 a prime number?
False
Is 1473221 composite?
False
Is 8644843 a prime number?
True
Is 11831249 a composite number?
False
Is 61822981 prime?
False
Is 1150717 prime?
True
Is 5886953 prime?
True
Is 16646491 a composite number?
False
Is 232948871 composite?
True
Is 26541686 a composite number?
True
Is 42920509 prime?
False
Is 219831929 a composite number?
False
Is 176136271 composite?
False
Is 2378107 a prime number?
True
Is 90491 a prime number?
False
Is 1122367 a composite number?
False
Is 58486709 composite?
False
Is 8296571 a prime number?
True
Is 25958597 a prime number?
False
Is 65088449 prime?
True
Is 27405031 a prime number?
True
Is 24349454 a prime number?
False
Is 205605193 a prime number?
False
Is 5233133 a prime number?
True
Is 5146343 a composite number?
False
Is 398918183 a prime number?
True
Is 102082531 a composite number?
True
Is 1951121 a prime number?
False
Is 42163619 prime?
False
Is 12717073 a prime number?
True
Is 7043881 composite?
True
Is 69132881 a prime number?
True
Is 5152559 a composite number?
True
Is 5744813 composite?
True
Is 98439181 composite?
False
Is 71303483 a composite number?
False
Is 62001167 a composite number?
False
Is 5125973 a prime number?
False
Is 14876531 composite?
True
Is 411680351 a prime number?
True
Is 1390237 prime?
False
Is 16297001 prime?
False
Is 982301 a prime number?
True
Is 2964781 a prime number?
False
Is 355141497 a composite number?
True
Is 1253323 a prime number?
True
Is 100210327 a composite number?
True
Is 8326757 composite?
True
Is 4484559 a composite number?
True
Is 85755779 a prime number?
False
Is 1438613 a prime number?
False
Is 122819 a composite number?
False
Is 126542521 composite?
True
Is 6696317 a prime number?
False
Is 33408561 a composite number?
True
Is 3055147 a composite number?
True
Is 825637 composite?
False
Is 13389361 a composite number?
False
Is 343512905 a composite number?
True
Is 15297421 a prime number?
True
Is 6840527 a prime number?
True
Is 3992279 a composite number?
False
Is 25997233 a prime